n base 4, what is -13 - -1103230?
1103211
In base 4, what is -20 - 3011032?
-3011112
In base 16, what is 157 + 1ec?
343
In base 11, what is -62 + 8a0?
839
In base 12, what is 3b5335 + -4?
3b5331
In base 9, what is 152216 - 65?
152141
In base 10, what is -53 + -4447?
-4500
In base 14, what is -68 - -5243?
51b9
In base 15, what is 29040 + 13?
29053
In base 8, what is -520 + 241?
-257
In base 9, what is -73 + -5075?
-5158
In base 14, what is 5375d - -4?
53763
In base 16, what is -54 + 5f4?
5a0
In base 10, what is 456138 + -3?
456135
In base 6, what is -2203 + -211?
-2414
In base 5, what is -1443 - -31004?
24011
In base 9, what is 17 - 560460?
-560442
In base 15, what is 7 + -16bbe?
-16bb7
In base 10, what is -24 + 234?
210
In base 3, what is -200002122 - -220?
-200001202
In base 16, what is -7e + 2490?
2412
In base 2, what is -1000 + 111110110000000000?
111110101111111000
In base 15, what is -13790 - 0?
-13790
In base 10, what is -392 + 298?
-94
In base 8, what is 647 - 253?
374
In base 9, what is 5 - -2350473?
2350478
In base 14, what is -1ad6 + 42?
-1a94
In base 2, what is -11010110111 - -101111000?
-10100111111
In base 3, what is -11222010 - 102?
-11222112
In base 6, what is 3203534 - 4?
3203530
In base 12, what is a - 23?
-15
In base 11, what is 3a2 - -680?
a72
In base 4, what is 3020222 + -22?
3020200
In base 16, what is -ba2c1 - 2?
-ba2c3
In base 12, what is 64b62 + 0?
64b62
In base 9, what is 14 + -107065?
-107051
In base 3, what is -11 - -112000122?
112000111
In base 6, what is -2 + -24215?
-24221
In base 2, what is -1100100101 + -1011101?
-1110000010
In base 10, what is -21939 - -28?
-21911
In base 2, what is -1110100100010011 + -100?
-1110100100010111
In base 5, what is -2 + -2204000?
-2204002
In base 6, what is 1015 + -301?
314
In base 8, what is -4 + 164750?
164744
In base 2, what is 110101 - -1000001100?
1001000001
In base 9, what is 13 + -2088?
-2075
In base 3, what is -102002120 - -11?
-102002102
In base 8, what is -370 - 245?
-635
In base 5, what is -100 - -3204220?
3204120
In base 7, what is 5136465 - -2?
5136500
In base 2, what is -101000 + -101111100000100?
-101111100101100
In base 13, what is 9 + -2640c?
-26403
In base 3, what is -12 + 2210111?
2210022
In base 10, what is -5327661 + -5?
-5327666
In base 10, what is -877 - -114?
-763
In base 6, what is -15455 + 140?
-15315
In base 16, what is 12f12 + -3?
12f0f
In base 4, what is -2 - -12020031?
12020023
In base 14, what is -688 + a?
-67c
In base 11, what is 10a57 - -9?
10a65
In base 5, what is 112241 + -12?
112224
In base 14, what is 6a + a8?
134
In base 7, what is 1333 - -41?
1404
In base 7, what is -1 + -133546?
-133550
In base 14, what is 265 - -806?
a6b
In base 8, what is 0 + 4754?
4754
In base 12, what is 2a89 - 282?
2807
In base 3, what is -10 - -112012110120?
112012110110
In base 12, what is -10567 - 136?
-106a1
In base 9, what is -338 + -383?
-732
In base 13, what is 37 - -133?
16a
In base 10, what is -587 + 33?
-554
In base 14, what is -818a1 + 10?
-81891
In base 12, what is 3 + -b1a8a?
-b1a87
In base 11, what is 3 + -513?
-510
In base 8, what is 31127 - -2?
31131
In base 8, what is -57576 + 2?
-57574
In base 9, what is 322 - 10728?
-10406
In base 2, what is -1111110111001100100 - -1?
-1111110111001100011
In base 5, what is 1403 + -322?
1031
In base 2, what is 1010100001 - 10?
1010011111
In base 10, what is 3 - 22120?
-22117
In base 4, what is 10002 - -1323110?
1333112
In base 4, what is -3 - 1232023?
-1232032
In base 9, what is 8 - 3325?
-3316
In base 5, what is -10132031 - 11?
-10132042
In base 2, what is 1 - -100101101010010?
100101101010011
In base 10, what is -1 - -2?
1
In base 16, what is 34e + -277?
d7
In base 5, what is -20 - -33102?
33032
In base 3, what is 1 - -2211112002?
2211112010
In base 12, what is -2a2b45 - 3?
-2a2b48
In base 4, what is -2121202 - -121?
-2121021
In base 14, what is -1666b + -1?
-1666c
In base 3, what is -1010001121202 - 10?
-1010001121212
In base 12, what is 0 + 194b?
194b
In base 7, what is 2 - -3015?
3020
In base 5, what is 34301133 + -1?
34301132
In base 12, what is -84 + 19aa?
1926
In base 10, what is -1201029 - -2?
-1201027
In base 7, what is 5145 - 11?
5134
In base 4, what is 13113323 + -23?
13113300
In base 11, what is 7663 + -a?
7654
In base 5, what is -42043121 + 1?
-42043120
In base 15, what is 96c + -20?
94c
In base 10, what is 404 + 266?
670
In base 7, what is -5 - 11311035?
-11311043
In base 12, what is 31b44 - 0?
31b44
In base 11, what is -2543 - 157?
-269a
In base 4, what is 2013113 + 22?
2013201
In base 2, what is -10011011111110011 + -1111?
-10011100000000010
In base 5, what is 131 + 1144141?
1144322
In base 8, what is -1 - -66733?
66732
In base 4, what is -13200200013 - 11?
-13200200030
In base 8, what is -6100 + -13?
-6113
In base 5, what is -30330 + 21?
-30304
In base 5, what is -14 - 13122?
-13141
In base 10, what is -1007162 + 0?
-1007162
In base 14, what is 11a9 - -1d?
11c8
In base 16, what is -943 - -107?
-83c
In base 7, what is 3 - 6310045?
-6310042
In base 13, what is -2c9622 + 2?
-2c9620
In base 15, what is -202 - -27?
-1ca
In base 14, what is -743 + -11?
-754
In base 10, what is -127 + -1826?
-1953
In base 16, what is -f - 66d?
-67c
In base 2, what is -10001111001 - 11?
-10001111100
In base 14, what is -b - -1278?
126b
In base 8, what is 7 - 14426?
-14417
In base 14, what is -2 + 1b47?
1b45
In base 11, what is -788 - 2753?
-3430
In base 3, what is 2200200220 - -11?
2200201001
In base 11, what is -41361 + 5?
-41357
In base 5, what is 20 + -22221320?
-22221300
In base 3, what is -1001 - -111?
-120
In base 7, what is -42 - -46445?
46403
In base 7, what is 6161 + -24?
6134
In base 14, what is 1 + 562d?
5630
In base 13, what is 137 - -997?
b01
In base 14, what is a522 + -2?
a520
In base 11, what is -181 - 78?
-249
In base 5, what is -420 + 10403?
4433
In base 14, what is -1457b + 1a?
-14561
In base 2, what is 1001 + 1011000010?
1011001011
In base 13, what is 1 + 17200?
17201
In base 11, what is 25704a - -2?
257051
In base 15, what is -26 - -451?
42a
In base 5, what is -2401020 - 2?
-2401022
In base 10, what is -167526 - -6?
-167520
In base 6, what is 1552451 + -45?
1552402
In base 7, what is 4 + 14652?
14656
In base 5, what is 20130103 - -1?
20130104
In base 11, what is -9717 + 20?
-96a7
In base 6, what is -1 + -412013?
-412014
In base 2, what is -101 - 100000000110100?
-100000000111001
In base 13, what is 5c190 + 1?
5c191
In base 2, what is 11 - -1100001011101?
1100001100000
In base 4, what is 330 + -22000?
-21010
In base 3, what is 1 - -210112220?
210112221
In base 6, what is 352 + 211200?
211552
In base 9, what is 37607 + -3?
37604
In base 6, what is 144 + 34514?
35102
In base 3, what is -1011011 - 10220?
-1022001
In base 11, what is -1690711 + -5?
-1690716
In base 4, what is 1301 - 11120?
-3213
In base 9, what is 480 + -5818?
-5328
In base 4, what is 1001033 + -1103?
333330
In base 16, what is -3 + 17fc?
17f9
In base 15, what is 1bb2 + -2e?
1b83
In base 11, what is 10066 + 2?
10068
In base 15, what is 0 - -4c9de?
4c9de
In base 11, what is 10a41a - 1?
10a419
In base 5, what is 4204214 - -4?
4204223
In base 16, what is ce - -118?
1e6
In base 3, what is 211 + 1001001?
1001212
In base 4, what is 31 - -1020222201?
1020222232
In base 14, what is -2559d - -2?
-2559b
In base 5, what is 21 - -20244340?
20244411
In base 14, what is 2 - 193a9?
-193a7
In base 8, what is 53 - 341?
-266
In base 14, what is 5 + -7ab3?
-7aac
In base 15, what is 237 - -3c9b?
3ed3
In base 3, what is -11221110210122 + -10?
-11221110210202
In base 13, what is -b19 - -2?
-b17
In base 6, what is 11145222 - -20?
11145242
In base 3, what is 1011121212112 - 2?
1011121212110
In base 2, what is -110001101100111 + 111?
-110001101100000
In base 13, what is -11424 - 0?
-11424
In base 14, what is 0 - 377c?
-377c
In base 2, what is -1110110101101 + -11?
-1110110110000
In base 8, what is -6070 + -1216?
-7306
In base 12, what is -3755 - 5?
-375a
In base 8, what is 754 + -25?
727
In base 13, what is 5 + -7b9a?
-7b95
In base 10, what is -973015 + -3?
-973018
In base 6, what is -245 - 530552?
-531241
In base 14, what is a14 + 1dc?
c12
In base 13, what is 240bb + -1?
240ba
In base 4, what is -121 + 2000332?
2000211
In base 12, what is 94 + 865?
939
In base 6,